[INFO] cloning repository https://github.com/timsims1717/RustADE
[INFO] running `Command { std: "git" "-c" "credential.helper=" "-c" "credential.helper=/workspace/cargo-home/bin/git-credential-null" "clone" "--bare" "https://github.com/timsims1717/RustADE" "/workspace/cache/git-repos/https%3A%2F%2Fgithub.com%2Ftimsims1717%2FRustADE", kill_on_drop: false }`
[INFO] [stderr] Cloning into bare repository '/workspace/cache/git-repos/https%3A%2F%2Fgithub.com%2Ftimsims1717%2FRustADE'...
[INFO] running `Command { std: "git" "rev-parse" "HEAD", kill_on_drop: false }`
[INFO] [stdout] ec9de1a856a0a153919c0f12c37112e9ac83f29d
[INFO] building timsims1717/RustADE against master#ff34b919075f35a1787659e9c448a34b06bab8de for issue-85264
[INFO] running `Command { std: "git" "clone" "/workspace/cache/git-repos/https%3A%2F%2Fgithub.com%2Ftimsims1717%2FRustADE" "/workspace/builds/worker-3/source", kill_on_drop: false }`
[INFO] [stderr] Cloning into '/workspace/builds/worker-3/source'...
[INFO] [stderr] done.
[INFO] validating manifest of git repo https://github.com/timsims1717/RustADE on toolchain ff34b919075f35a1787659e9c448a34b06bab8de
[INFO] running `Command { std: "/workspace/cargo-home/bin/cargo" "+ff34b919075f35a1787659e9c448a34b06bab8de" "metadata" "--manifest-path" "Cargo.toml" "--no-deps", kill_on_drop: false }`
[INFO] started tweaking git repo https://github.com/timsims1717/RustADE
[INFO] finished tweaking git repo https://github.com/timsims1717/RustADE
[INFO] tweaked toml for git repo https://github.com/timsims1717/RustADE written to /workspace/builds/worker-3/source/Cargo.toml
[INFO] crate git repo https://github.com/timsims1717/RustADE already has a lockfile, it will not be regenerated
[INFO] running `Command { std: "/workspace/cargo-home/bin/cargo" "+ff34b919075f35a1787659e9c448a34b06bab8de" "fetch" "--manifest-path" "Cargo.toml", kill_on_drop: false }`
[INFO] running `Command { std: "docker" "create" "-v" "/var/lib/crater-agent-workspace/builds/worker-3/target:/opt/rustwide/target:rw,Z" "-v" "/var/lib/crater-agent-workspace/builds/worker-3/source:/opt/rustwide/workdir:ro,Z" "-v" "/var/lib/crater-agent-workspace/cargo-home:/opt/rustwide/cargo-home:ro,Z" "-v" "/var/lib/crater-agent-workspace/rustup-home:/opt/rustwide/rustup-home:ro,Z" "-e" "SOURCE_DIR=/opt/rustwide/workdir" "-e" "CARGO_TARGET_DIR=/opt/rustwide/target" "-e" "CARGO_HOME=/opt/rustwide/cargo-home" "-e" "RUSTUP_HOME=/opt/rustwide/rustup-home" "-w" "/opt/rustwide/workdir" "-m" "1610612736" "--user" "0:0" "--network" "none" "ghcr.io/rust-lang/crates-build-env/linux@sha256:20528e8c29e4536546f0102ce88568b16ea7538393a33fcca951030f7af10457" "/opt/rustwide/cargo-home/bin/cargo" "+ff34b919075f35a1787659e9c448a34b06bab8de" "metadata" "--no-deps" "--format-version=1", kill_on_drop: false }`
[INFO] [stdout] 940dda09b76363eeb9d40bf8141eae4784a22d74e73d1bf9461d63c6aa584633
[INFO] [stderr] WARNING: Your kernel does not support swap limit capabilities or the cgroup is not mounted. Memory limited without swap.
[INFO] running `Command { std: "docker" "start" "-a" "940dda09b76363eeb9d40bf8141eae4784a22d74e73d1bf9461d63c6aa584633", kill_on_drop: false }`
[INFO] running `Command { std: "docker" "inspect" "940dda09b76363eeb9d40bf8141eae4784a22d74e73d1bf9461d63c6aa584633", kill_on_drop: false }`
[INFO] running `Command { std: "docker" "rm" "-f" "940dda09b76363eeb9d40bf8141eae4784a22d74e73d1bf9461d63c6aa584633", kill_on_drop: false }`
[INFO] [stdout] 940dda09b76363eeb9d40bf8141eae4784a22d74e73d1bf9461d63c6aa584633
[INFO] running `Command { std: "docker" "create" "-v" "/var/lib/crater-agent-workspace/builds/worker-3/target:/opt/rustwide/target:rw,Z" "-v" "/var/lib/crater-agent-workspace/builds/worker-3/source:/opt/rustwide/workdir:ro,Z" "-v" "/var/lib/crater-agent-workspace/cargo-home:/opt/rustwide/cargo-home:ro,Z" "-v" "/var/lib/crater-agent-workspace/rustup-home:/opt/rustwide/rustup-home:ro,Z" "-e" "SOURCE_DIR=/opt/rustwide/workdir" "-e" "CARGO_TARGET_DIR=/opt/rustwide/target" "-e" "CARGO_INCREMENTAL=0" "-e" "RUST_BACKTRACE=full" "-e" "RUSTFLAGS=--cap-lints=forbid" "-e" "CARGO_HOME=/opt/rustwide/cargo-home" "-e" "RUSTUP_HOME=/opt/rustwide/rustup-home" "-w" "/opt/rustwide/workdir" "-m" "1610612736" "--user" "0:0" "--network" "none" "ghcr.io/rust-lang/crates-build-env/linux@sha256:20528e8c29e4536546f0102ce88568b16ea7538393a33fcca951030f7af10457" "/opt/rustwide/cargo-home/bin/cargo" "+ff34b919075f35a1787659e9c448a34b06bab8de" "build" "--frozen" "--message-format=json", kill_on_drop: false }`
[INFO] [stderr] WARNING: Your kernel does not support swap limit capabilities or the cgroup is not mounted. Memory limited without swap.
[INFO] [stdout] bda0f01c6a89a3db2d544018396297c02b851d8f4afa17437e918e014e176866
[INFO] running `Command { std: "docker" "start" "-a" "bda0f01c6a89a3db2d544018396297c02b851d8f4afa17437e918e014e176866", kill_on_drop: false }`
[INFO] [stderr]    Compiling libc v0.2.21
[INFO] [stderr]    Compiling regex-syntax v0.4.0
[INFO] [stderr]    Compiling utf8-ranges v1.0.0
[INFO] [stderr]    Compiling lazy_static v0.2.4
[INFO] [stderr]    Compiling unreachable v0.1.1
[INFO] [stderr]    Compiling thread-id v3.0.0
[INFO] [stderr]    Compiling memchr v1.0.1
[INFO] [stderr]    Compiling rand v0.3.15
[INFO] [stderr]    Compiling thread_local v0.3.3
[INFO] [stderr]    Compiling aho-corasick v0.6.3
[INFO] [stderr]    Compiling regex v0.2.1
[INFO] [stderr]    Compiling uuid v0.4.0
[INFO] [stderr]    Compiling RustADE v0.1.3 (/opt/rustwide/workdir)
[INFO] [stdout] error: mismatched closing delimiter: `}`
[INFO] [stdout]    --> src/obj/item.rs:142:2
[INFO] [stdout]     |
[INFO] [stdout] 140 |     pub fn display_item_in_inventory(&self, mut display: &mut String) {
[INFO] [stdout]     |                                                                       - closing delimiter possibly meant for this
[INFO] [stdout] 141 |         display.push_str(format!("")
[INFO] [stdout]     |                         - unclosed delimiter
[INFO] [stdout] 142 |     }
[INFO] [stdout]     |     ^ mismatched closing delimiter
[INFO] [stdout] 
[INFO] [stdout] 
[INFO] [stdout] warning: unused imports: `DirectionType`, `GameStateType`, `OtherType`
[INFO] [stdout]  --> src/parsing/grammar.rs:5:15
[INFO] [stdout]   |
[INFO] [stdout] 5 | use parsing::{GameStateType,PrepositionType,DirectionType,OtherType};
[INFO] [stdout]   |               ^^^^^^^^^^^^^                 ^^^^^^^^^^^^^ ^^^^^^^^^
[INFO] [stdout]   |
[INFO] [stdout]   = note: `#[warn(unused_imports)]` on by default
[INFO] [stdout] 
[INFO] [stdout] 
[INFO] [stdout] warning: use of deprecated constant `std::sync::ONCE_INIT`: the `new` function is now preferred
[INFO] [stdout]    --> src/parsing/token.rs:151:1
[INFO] [stdout]     |
[INFO] [stdout] 151 | / lazy_static! {
[INFO] [stdout] 152 | |     static ref RE: Regex = Regex::new(r"^[a-zA-Z]+$").unwrap();
[INFO] [stdout] 153 | | }
[INFO] [stdout]     | |_^
[INFO] [stdout]     |
[INFO] [stdout]     = note: `#[warn(deprecated)]` on by default
[INFO] [stdout]     = note: this warning originates in a macro (in Nightly builds, run with -Z macro-backtrace for more info)
[INFO] [stdout] 
[INFO] [stdout] 
[INFO] [stdout] warning: use of deprecated constant `std::sync::ONCE_INIT`: the `new` function is now preferred
[INFO] [stdout]    --> src/parsing/token.rs:151:1
[INFO] [stdout]     |
[INFO] [stdout] 151 | / lazy_static! {
[INFO] [stdout] 152 | |     static ref RE: Regex = Regex::new(r"^[a-zA-Z]+$").unwrap();
[INFO] [stdout] 153 | | }
[INFO] [stdout]     | |_^
[INFO] [stdout]     |
[INFO] [stdout]     = note: this warning originates in a macro (in Nightly builds, run with -Z macro-backtrace for more info)
[INFO] [stdout] 
[INFO] [stdout] 
[INFO] [stdout] error[E0609]: no field `can_attach` on type `Item`
[INFO] [stdout]    --> src/game/gamestate.rs:145:15
[INFO] [stdout]     |
[INFO] [stdout] 145 |         if sub_item.can_attach {
[INFO] [stdout]     |                     ^^^^^^^^^^ unknown field
[INFO] [stdout]     |
[INFO] [stdout]     = note: available fields are: `i_type`, `name`, `desc`, `is_on_desc`, `light_damage_desc` ... and 17 others
[INFO] [stdout] 
[INFO] [stdout] 
[INFO] [stdout] error[E0599]: no method named `attach_item` found for struct `Item` in the current scope
[INFO] [stdout]    --> src/game/gamestate.rs:148:11
[INFO] [stdout]     |
[INFO] [stdout] 148 |                     item.attach_item(sub_item);
[INFO] [stdout]     |                          ^^^^^^^^^^^ method not found in `Item`
[INFO] [stdout]     | 
[INFO] [stdout]    ::: src/obj/item.rs:21:1
[INFO] [stdout]     |
[INFO] [stdout] 21  | pub struct Item {
[INFO] [stdout]     | --------------- method `attach_item` not found for this
[INFO] [stdout] 
[INFO] [stdout] 
[INFO] [stdout] error[E0609]: no field `can_attach` on type `&Item`
[INFO] [stdout]   --> src/obj/item.rs:60:61
[INFO] [stdout]    |
[INFO] [stdout] 60 |         (self.max_health > 0 && self.current_health > 0) || (self.can_attach && self.attached_items.len() == 0) || self.is_on
[INFO] [stdout]    |                                                                   ^^^^^^^^^^ unknown field
[INFO] [stdout]    |
[INFO] [stdout]    = note: available fields are: `id`, `i_type`, `name`, `desc`, `is_on_desc` ... and 20 others
[INFO] [stdout] 
[INFO] [stdout] 
[INFO] [stdout] error[E0609]: no field `attached_items` on type `&Item`
[INFO] [stdout]   --> src/obj/item.rs:60:80
[INFO] [stdout]    |
[INFO] [stdout] 60 |         (self.max_health > 0 && self.current_health > 0) || (self.can_attach && self.attached_items.len() == 0) || self.is_on
[INFO] [stdout]    |                                                                                      ^^^^^^^^^^^^^^ unknown field
[INFO] [stdout]    |
[INFO] [stdout]    = note: available fields are: `id`, `i_type`, `name`, `desc`, `is_on_desc` ... and 20 others
[INFO] [stdout] 
[INFO] [stdout] 
[INFO] [stdout] error[E0609]: no field `attached_items` on type `&Item`
[INFO] [stdout]    --> src/obj/item.rs:127:22
[INFO] [stdout]     |
[INFO] [stdout] 127 |             for item in &self.attached_items {
[INFO] [stdout]     |                               ^^^^^^^^^^^^^^ unknown field
[INFO] [stdout]     |
[INFO] [stdout]     = note: available fields are: `id`, `i_type`, `name`, `desc`, `is_on_desc` ... and 20 others
[INFO] [stdout] 
[INFO] [stdout] 
[INFO] [stdout] error[E0308]: mismatched types
[INFO] [stdout]    --> src/obj/item.rs:141:20
[INFO] [stdout]     |
[INFO] [stdout] 141 |         display.push_str(format!("")
[INFO] [stdout]     |                          ^^^^^^^^^^^ expected `&str`, found struct `String`
[INFO] [stdout]     |
[INFO] [stdout]     = note: this error originates in a macro (in Nightly builds, run with -Z macro-backtrace for more info)
[INFO] [stdout] 
[INFO] [stdout] 
[INFO] [stdout] error[E0609]: no field `attached_items` on type `&Item`
[INFO] [stdout]    --> src/obj/location.rs:284:34
[INFO] [stdout]     |
[INFO] [stdout] 284 |                         for attached_item in &item.attached_items {
[INFO] [stdout]     |                                                    ^^^^^^^^^^^^^^ unknown field
[INFO] [stdout]     |
[INFO] [stdout]     = note: available fields are: `i_type`, `name`, `desc`, `is_on_desc`, `light_damage_desc` ... and 17 others
[INFO] [stdout] 
[INFO] [stdout] 
[INFO] [stdout] error[E0609]: no field `attached_items` on type `&Item`
[INFO] [stdout]    --> src/obj/location.rs:310:17
[INFO] [stdout]     |
[INFO] [stdout] 310 |             let n = item.attached_items.len();
[INFO] [stdout]     |                          ^^^^^^^^^^^^^^ unknown field
[INFO] [stdout]     |
[INFO] [stdout]     = note: available fields are: `i_type`, `name`, `desc`, `is_on_desc`, `light_damage_desc` ... and 17 others
[INFO] [stdout] 
[INFO] [stdout] 
[INFO] [stdout] error[E0609]: no field `attached_items` on type `&Item`
[INFO] [stdout]    --> src/obj/location.rs:317:32
[INFO] [stdout]     |
[INFO] [stdout] 317 |                 for attached_item in &item.attached_items {
[INFO] [stdout]     |                                            ^^^^^^^^^^^^^^ unknown field
[INFO] [stdout]     |
[INFO] [stdout]     = note: available fields are: `i_type`, `name`, `desc`, `is_on_desc`, `light_damage_desc` ... and 17 others
[INFO] [stdout] 
[INFO] [stdout] 
[INFO] [stdout] error[E0609]: no field `attached_items` on type `&Item`
[INFO] [stdout]    --> src/obj/location.rs:352:17
[INFO] [stdout]     |
[INFO] [stdout] 352 |             let n = item.attached_items.len();
[INFO] [stdout]     |                          ^^^^^^^^^^^^^^ unknown field
[INFO] [stdout]     |
[INFO] [stdout]     = note: available fields are: `i_type`, `name`, `desc`, `is_on_desc`, `light_damage_desc` ... and 17 others
[INFO] [stdout] 
[INFO] [stdout] 
[INFO] [stdout] error[E0609]: no field `attached_items` on type `&Item`
[INFO] [stdout]    --> src/obj/location.rs:359:32
[INFO] [stdout]     |
[INFO] [stdout] 359 |                 for attached_item in &item.attached_items {
[INFO] [stdout]     |                                            ^^^^^^^^^^^^^^ unknown field
[INFO] [stdout]     |
[INFO] [stdout]     = note: available fields are: `i_type`, `name`, `desc`, `is_on_desc`, `light_damage_desc` ... and 17 others
[INFO] [stdout] 
[INFO] [stdout] 
[INFO] [stdout] error[E0609]: no field `can_attach` on type `&&Item`
[INFO] [stdout]    --> src/obj/location.rs:415:46
[INFO] [stdout]     |
[INFO] [stdout] 415 |         match self.items.iter().position(|ref n| n.can_attach) {
[INFO] [stdout]     |                                                    ^^^^^^^^^^ unknown field
[INFO] [stdout]     |
[INFO] [stdout]     = note: available fields are: `i_type`, `name`, `desc`, `is_on_desc`, `light_damage_desc` ... and 17 others
[INFO] [stdout] 
[INFO] [stdout] 
[INFO] [stdout] error[E0609]: no field `attached_items` on type `&mut Item`
[INFO] [stdout]    --> src/obj/location.rs:420:17
[INFO] [stdout]     |
[INFO] [stdout] 420 |                     match item.attached_items.iter().position(|ref n| n.can_attach) {
[INFO] [stdout]     |                                ^^^^^^^^^^^^^^ unknown field
[INFO] [stdout]     |
[INFO] [stdout]     = note: available fields are: `i_type`, `name`, `desc`, `is_on_desc`, `light_damage_desc` ... and 17 others
[INFO] [stdout] 
[INFO] [stdout] 
[INFO] [stdout] error[E0609]: no field `can_attach` on type `&_`
[INFO] [stdout]    --> src/obj/location.rs:420:58
[INFO] [stdout]     |
[INFO] [stdout] 420 |                     match item.attached_items.iter().position(|ref n| n.can_attach) {
[INFO] [stdout]     |                                                                         ^^^^^^^^^^
[INFO] [stdout] 
[INFO] [stdout] 
[INFO] [stdout] error[E0609]: no field `attached_items` on type `&mut Item`
[INFO] [stdout]    --> src/obj/location.rs:422:31
[INFO] [stdout]     |
[INFO] [stdout] 422 | ...                   found_item = Some(item.attached_items.remove(i));
[INFO] [stdout]     |                                              ^^^^^^^^^^^^^^ unknown field
[INFO] [stdout]     |
[INFO] [stdout]     = note: available fields are: `i_type`, `name`, `desc`, `is_on_desc`, `light_damage_desc` ... and 17 others
[INFO] [stdout] 
[INFO] [stdout] 
[INFO] [stdout] error[E0599]: no method named `set_can_attach` found for struct `ItemBuilder` in the current scope
[INFO] [stdout]    --> src/world/builder.rs:177:5
[INFO] [stdout]     |
[INFO] [stdout] 177 |         ).set_can_attach(true)
[INFO] [stdout]     |           ^^^^^^^^^^^^^^ method not found in `ItemBuilder`
[INFO] [stdout]     | 
[INFO] [stdout]    ::: src/obj/item.rs:160:1
[INFO] [stdout]     |
[INFO] [stdout] 160 | pub struct ItemBuilder {
[INFO] [stdout]     | ---------------------- method `set_can_attach` not found for this
[INFO] [stdout] 
[INFO] [stdout] 
[INFO] [stdout] error: aborting due to 17 previous errors; 3 warnings emitted
[INFO] [stdout] 
[INFO] [stdout] 
[INFO] [stdout] Some errors have detailed explanations: E0308, E0599, E0609.
[INFO] [stdout] 
[INFO] [stdout] For more information about an error, try `rustc --explain E0308`.
[INFO] [stdout] 
[INFO] [stderr] error: could not compile `RustADE`
[INFO] [stderr] 
[INFO] [stderr] To learn more, run the command again with --verbose.
[INFO] running `Command { std: "docker" "inspect" "bda0f01c6a89a3db2d544018396297c02b851d8f4afa17437e918e014e176866", kill_on_drop: false }`
[INFO] running `Command { std: "docker" "rm" "-f" "bda0f01c6a89a3db2d544018396297c02b851d8f4afa17437e918e014e176866", kill_on_drop: false }`
[INFO] [stdout] bda0f01c6a89a3db2d544018396297c02b851d8f4afa17437e918e014e176866
